 digit of 1041437018?
0
What is the units digit of 1279650639?
9
What is the hundreds digit of 179066333?
3
What is the hundreds digit of 26158235?
2
What is the units digit of 69005732?
2
What is the tens digit of 807442967?
6
What is the hundred millions digit of 1414824865?
4
What is the billions digit of 3400948440?
3
What is the hundreds digit of 42539650?
6
What is the units digit of 3092061828?
8
What is the hundred thousands digit of 255887555?
8
What is the hundred millions digit of 1937961918?
9
What is the hundred thousands digit of 1262190104?
1
What is the thousands digit of 283796934?
6
What is the hundred thousands digit of 28073349?
0
What is the units digit of 6682243262?
2
What is the ten millions digit of 390819387?
9
What is the ten millions digit of 165636330?
6
What is the hundred thousands digit of 718562836?
5
What is the hundreds digit of 45690024?
0
What is the ten thousands digit of 1746590754?
9
What is the hundreds digit of 290532911?
9
What is the tens digit of 127446124?
2
What is the hundreds digit of 91841969?
9
What is the hundred thousands digit of 286488354?
4
What is the units digit of 48782798?
8
What is the ten thousands digit of 69648537?
4
What is the tens digit of 85681460?
6
What is the thousands digit of 42348406?
8
What is the tens digit of 333222636?
3
What is the units digit of 2264240751?
1
What is the tens digit of 819733166?
6
What is the millions digit of 9614735?
9
What is the millions digit of 640712982?
0
What is the hundreds digit of 325802601?
6
What is the ten thousands digit of 21695648?
9
What is the ten thousands digit of 274347111?
4
What is the hundred millions digit of 751868896?
7
What is the tens digit of 3407989377?
7
What is the tens digit of 737629285?
8
What is the hundred thousands digit of 1651378116?
3
What is the hundreds digit of 1304465261?
2
What is the hundred millions digit of 1289755690?
2
What is the hundred millions digit of 7000101513?
0
What is the tens digit of 763436743?
4
What is the ten thousands digit of 23364099?
6
What is the thousands digit of 174279272?
9
What is the tens digit of 72437126?
2
What is the hundred thousands digit of 277336639?
3
What is the hundred thousands digit of 29846611?
8
What is the millions digit of 140976056?
0
What is the hundred thousands digit of 331996453?
9
What is the ten millions digit of 1703640583?
0
What is the hundred millions digit of 691557801?
6
What is the millions digit of 9362204?
9
What is the units digit of 1022539201?
1
What is the tens digit of 487820979?
7
What is the millions digit of 28156866?
8
What is the billions digit of 2594929712?
2
What is the tens digit of 215309523?
2
What is the ten thousands digit of 430713975?
1
What is the units digit of 660341405?
5
What is the hundreds digit of 127483269?
2
What is the units digit of 19718785?
5
What is the ten thousands digit of 3208764866?
6
What is the millions digit of 83724873?
3
What is the hundred millions digit of 374296622?
3
What is the hundred thousands digit of 2219424?
2
What is the units digit of 121703413?
3
What is the millions digit of 228237220?
8
What is the units digit of 287749354?
4
What is the hundred thousands digit of 1027270875?
2
What is the millions digit of 2003824636?
3
What is the tens digit of 128865493?
9
What is the ten thousands digit of 696516540?
1
What is the thousands digit of 57009799?
9
What is the ten millions digit of 61127775?
6
What is the tens digit of 95983629?
2
What is the thousands digit of 586443942?
3
What is the tens digit of 499630865?
6
What is the ten millions digit of 377697384?
7
What is the units digit of 17090394?
4
What is the ten millions digit of 477027001?
7
What is the hundred millions digit of 1355731088?
3
What is the tens digit of 8878058?
5
What is the hundreds digit of 2525212?
2
What is the ten millions digit of 87624853?
8
What is the hundred thousands digit of 15064749?
0
What is the thousands digit of 164334115?
4
What is the units digit of 2303058163?
3
What is the thousands digit of 156761023?
1
What is the hundreds digit of 105833655?
6
What is the millions digit of 32750121?
2
What is the ten millions digit of 984049498?
8
What is the hundred thousands digit of 334137602?
1
What is the ten millions digit of 4060084284?
6
What is the millions digit of 137057622?
7
What is the hundreds digit of 93310232?
2
What is the tens digit of 117424270?
7
What is the millions digit of 238309141?
8
What is the hundred thousands digit of 76861245?
8
What is the thousands digit of 73741655?
1
What is the ten millions digit of 6911626261?
1
What is the hundreds digit of 36416276?
2
What is the hundred thousands digit of 1113350443?
3
What is the hundred millions digit of 7528580829?
5
What is the thousands digit of 134197659?
7
What is the millions digit of 2304651420?
4
What is the thousands digit of 2414574772?
4
What is the hundred thousands digit of 167662308?
6
What is the units digit of 656036936?
6
What is the hundreds digit of 1796707139?
1
What is the thousands digit of 9140290?
0
What is the hundreds digit of 769771872?
8
What is the hundreds digit of 40052636?
6
What is the ten thousands digit of 961927666?
2
What is the thousands digit of 182138220?
8
What is the hundreds digit of 24135339?
3
What is the hundred thousands digit of 1045396434?
3
What is the hundred thousands digit of 212426942?
4
What is the hundred millions digit of 279705662?
2
What is the ten thousands digit of 211216254?
1
What is the hundred thousands digit of 479527214?
5
What is the units digit of 376951931?
1
What is the ten thousands digit of 12807504?
0
What is the hundreds digit of 46424482?
4
What is the ten millions digit of 355654706?
5
What is the tens digit of 447976059?
5
What is the tens digit of 99846693?
9
What is the ten millions digit of 4378611002?
7
What is the units digit of 173984423?
3
What is the thousands digit of 31610633?
0
What is the ten millions digit of 52391487?
5
What is the tens digit of 59481115?
1
What is the ten thousands digit of 9222833?
2
What is the ten thousands digit of 24437436?
3
What is the hundreds digit of 243033653?
6
What is the thousands digit of 51149288?
9
What is the hundreds digit of 6276385225?
2
What is the hundred thousands digit of 1936723052?
7
What is the units digit of 7365749377?
7
What is the hundred thousands digit of 751840348?
8
What is the thousands digit of 359979573?
9
What is the ten millions digit of 42106944?
4
What is the millions digit of 1638659?
1
What is the ten thousands digit of 2890190?
9
What is the billions digit of 2159887289?
2
What is the units digit of 608378456?
6
What is the millions digit of 1636313015?
6
What is the hundred thousands digit of 4651069808?
0
What is the thousands digit of 624562899?
2
What is the tens digit of 52295250?
5
What is the hundreds digit of 273042?
0
What is the ten thousands digit of 758447289?
4
What is the hundred thousands digit of 37844153?
8
What is the hundred thousands digit of 342425668?
4
What is the hundred thousands digit of 1355350523?
3
What is the hundred thousands digit of 5153027997?
0
What is the thousands digit of 128192212?
2
What is the hundred thousands digit of 2668246637?
2
What is the hundred thousands digit of 599213354?
2
What is the ten thousands digit of 164385851?
8
What is the ten thousands digit of 532140137?
4
What is the tens digit of 2912939528?
2
What is the ten millions digit of 258715331?
5
What is the hundred millions digit of 1833093542?
8
What is the units digit of 151498291?
1
What is the hundred thousands digit of 166433911?
4
What is the ten millions digit of 161165733?
6
What is the thousands digit of 562285531?
5
What is the tens digit of 6563368175?
7
What is the tens digit of 44840262?
6
What is the billions digit of 1287582642?
1
What is the tens digit of 34771214?
1
What is the hundreds digit of 2916055793?
7
What is the hundreds digit of 397900943?
9
What is the tens digit of 6681080177?
7
What is the hundreds digit of 57674992?
9
What is the hundred thousands digit of 474600073?
6
What is the units digit of 51667538?
8
What is the hundreds digit of 662072316?
3
What is the tens digit of 847651321?
2
What is the ten millions digit of 500574635?
0